{"id":268,"date":"2026-04-22T11:15:00","date_gmt":"2026-04-22T11:15:00","guid":{"rendered":"https:\/\/fatoumata.danso.mmi-velizy.fr\/skinrestBackup2\/product\/vitamine-c-pure-99\/"},"modified":"2026-05-10T15:54:27","modified_gmt":"2026-05-10T15:54:27","slug":"vitamine-c-pure-99","status":"publish","type":"product","link":"https:\/\/fatoumata.danso.mmi-velizy.fr\/skinrestBackup2\/product\/vitamine-c-pure-99\/","title":{"rendered":"Vitamine C pure 99%"},"content":{"rendered":"<p>La vitamine C (acide ascorbique) est l&rsquo;un des actifs les plus \u00e9tudi\u00e9s en cosm\u00e9tique. En poudre pure \u00e0 99%, elle s&rsquo;incorpore facilement dans vos s\u00e9rums et cr\u00e8mes maison. Elle prot\u00e8ge la peau des radicaux libres, unifie le teint et booste l&rsquo;\u00e9clat naturel. \u00c0 utiliser \u00e0 faible concentration (5-15%) dans vos formulations DIY.<\/p>\n","protected":false},"excerpt":{"rendered":"<p>Actif anti-oxydant puissant 100% pur. Illumine le teint, estompe les taches pigmentaires et stimule la synth\u00e8se de collag\u00e8ne. Id\u00e9al pour les peaux ternes et fatigu\u00e9es.<\/p>\n","protected":false},"featured_media":963,"comment_status":"open","ping_status":"closed","template":"","meta":{"_acf_changed":false,"_kadence_starter_templates_imported_post":false,"_kad_post_transparent":"default","_kad_post_title":"","_kad_post_layout":"default","_kad_post_sidebar_id":"","_kad_post_content_style":"default","_kad_post_vertical_padding":"default","_kad_post_feature":"","_kad_post_feature_position":"","_kad_post_header":false,"_kad_post_footer":false,"_kad_post_classname":""},"product_brand":[],"product_cat":[31],"product_tag":[34,32,33],"class_list":{"0":"post-268","1":"product","2":"type-product","3":"status-publish","4":"has-post-thumbnail","6":"product_cat-actifs-purs","7":"product_tag-anti-oxydant","8":"product_tag-eclat","9":"product_tag-taches","11":"first","12":"instock","13":"featured","14":"taxable","15":"shipping-taxable","16":"purchasable","17":"product-type-simple","18":"entry","19":"content-bg","20":"loop-entry"},"acf":[],"_links":{"self":[{"href":"https:\/\/fatoumata.danso.mmi-velizy.fr\/skinrestBackup2\/wp-json\/wp\/v2\/product\/268","targetHints":{"allow":["GET"]}}],"collection":[{"href":"https:\/\/fatoumata.danso.mmi-velizy.fr\/skinrestBackup2\/wp-json\/wp\/v2\/product"}],"about":[{"href":"https:\/\/fatoumata.danso.mmi-velizy.fr\/skinrestBackup2\/wp-json\/wp\/v2\/types\/product"}],"replies":[{"embeddable":true,"href":"https:\/\/fatoumata.danso.mmi-velizy.fr\/skinrestBackup2\/wp-json\/wp\/v2\/comments?post=268"}],"wp:featuredmedia":[{"embeddable":true,"href":"https:\/\/fatoumata.danso.mmi-velizy.fr\/skinrestBackup2\/wp-json\/wp\/v2\/media\/963"}],"wp:attachment":[{"href":"https:\/\/fatoumata.danso.mmi-velizy.fr\/skinrestBackup2\/wp-json\/wp\/v2\/media?parent=268"}],"wp:term":[{"taxonomy":"product_brand","embeddable":true,"href":"https:\/\/fatoumata.danso.mmi-velizy.fr\/skinrestBackup2\/wp-json\/wp\/v2\/product_brand?post=268"},{"taxonomy":"product_cat","embeddable":true,"href":"https:\/\/fatoumata.danso.mmi-velizy.fr\/skinrestBackup2\/wp-json\/wp\/v2\/product_cat?post=268"},{"taxonomy":"product_tag","embeddable":true,"href":"https:\/\/fatoumata.danso.mmi-velizy.fr\/skinrestBackup2\/wp-json\/wp\/v2\/product_tag?post=268"}],"curies":[{"name":"wp","href":"https:\/\/api.w.org\/{rel}","templated":true}]}}